uppose -40 = -2*p + 4*f, -5*f - 43 = -2*p - 0*p. Calculate the highest common factor of p and s.
14
Let g be (-2)/14 - 6489/(-147). What is the highest common factor of g and 4?
4
Let t(a) = a**2 - 10*a - 46. Let o be t(20). Calculate the greatest common divisor of o and 14.
14
Suppose -y + 3*y - 26 = 0. Let r(q) = 2*q - 5. Let d be r(4). Let z be d - (-20 - (-9)/(-3)). What is the highest common factor of y and z?
13
Suppose 2*c = c + 18. Let k be (-2)/(-2) - 3/(-3). Suppose m = 2*t + 5*m, k*m + 6 = 0. Calculate the greatest common factor of c and t.
6
Let m be (2 + 19)/1 - 0. Suppose -5*n - 6*x + 4*x = 66, 2*n - x = -m. Let l be (-2)/3 - 1256/n. What is the highest common factor of 13 and l?
13
Let l = 12 - -13. Let q = -11 + l. What is the highest common factor of q and 28?
14
Suppose 0*l + 4*k - 120 = -4*l, 34 = l + 3*k. What is the greatest common divisor of l and 4?
4
Let x(w) = 27*w**2 + w - 1. Let v be x(1). Suppose -5*b + v = 2*m, 0*b = -4*m - 4*b + 48. Calculate the greatest common divisor of 11 and m.
11
Let q(l) = l**2 - 19*l + 29. Let v be q(18). What is the highest common divisor of v and 99?
11
Suppose -40 = -5*i - v + 35, 4*i - 49 = -3*v. Let b = 4 - 4. Let u(w) = w**2 + 16. Let x be u(b). Calculate the greatest common divisor of x and i.
16
Let o(a) = -2*a - 9. Let x be o(-7). Suppose -x*h + 141 = -379. What is the highest common factor of h and 13?
13
Let s = 2 - 0. Suppose s*d - 5 - 15 = 0. What is the greatest common divisor of d and 15?
5
Let t be -1 + (-2 - (-2 + 4)). Let w = t - -16. Let z be 0 + 2 + w - 2. Calculate the highest common factor of 121 and z.
11
Let f be (-5)/(-20) + 15/4. Suppose f*y = y. Let p(c) = c**2 + c + 7. Let q be p(y). Calculate the highest common divisor of q and 28.
7
Let r(h) = -11*h**3 - 2*h**2 + 2*h + 4. Let c be r(-2). What is the highest common divisor of c and 16?
16
Let n(x) = x**3 + 9*x**2 - 17*x + 6. Let w be n(-10). Calculate the greatest common factor of w and 19.
19
Let d be (-2 + 0)*10/(-20). Let z be (12/(-20))/(d/(-5)). Calculate the highest common factor of z and 15.
3
Suppose 5*a - 68 = -12*a. What is the highest common divisor of 2 and a?
2
Suppose 0 = 3*m - 0*m. Suppose -w + 19 + 5 = m. Calculate the highest common divisor of 36 and w.
12
Let o(y) = -y + 6. Let p be o(0). Let c be ((-6)/36*8)/((-2)/63). What is the greatest common factor of p and c?
6
Suppose 3*k = 3*y + 45, -4*k + 0*y = 3*y - 67. Calculate the greatest common divisor of k and 48.
16
Suppose 2 - 4 = -2*w. Let v be (10 + 5)*(0 + w). Calculate the highest common factor of v and 10.
5
Let p be (-2)/(-3)*(-9)/6. Let d be (p + -179)*(-6)/15. Suppose -2*t + d = -0*t. Calculate the highest common factor of t and 9.
9
Let g(h) be the second derivative of h**4/12 + 5*h**2/2 + 3*h. Let m be g(5). Calculate the greatest common divisor of 75 and m.
15
Let a be (-24)/36 + 14/3. Let v be -2*-9*a/8. Calculate the greatest common factor of v and 45.
9
Suppose 2 = -t + 4*n - 2, 5 = 5*t + 5*n. Let g(x) = x**3 - x**2 - 1. Let z be g(t). Let v be z - (36*1)/(-1). What is the greatest common divisor of 14 and v?
7
Let q = 23 - 20. Suppose -r - 26 = -q*r. What is the greatest common divisor of r and 117?
13
Let v be (4 + (2 - 2))/2. Suppose -r - 30 = -3*r. Suppose b + 6 = 2*j - r, -v*b - 2 = 0. Calculate the greatest common factor of 110 and j.
10
Let w(b) = -b**2 + 10*b + 1. Let a be w(7). What is the greatest common factor of 176 and a?
22
Let s = -5 + 7. Suppose -2*v + 174 = 3*b - 55, -2*b - 234 = -s*v. Let r = 171 - v. Calculate the highest common factor of r and 22.
11
Let g = -169 - -177. Let s = 73 - 17. What is the highest common factor of s and g?
8
Let w(r) = -r**2 - 12*r - 2. Let i be w(-8). Calculate the greatest common divisor of 45 and i.
15
Suppose -8*k = -30*k + 528. What is the highest common factor of k and 88?
8
Let a = -48 + 70. Suppose -3*z = -15, 0*k = k - 3*z + 4. What is the highest common divisor of k and a?
11
Suppose 0 = -2*b - 2 + 10. Let p be (-3 - -2) + 1 + 6. Calculate the greatest common divisor of p and b.
2
Let l(u) = -u**3 + u**2 - u. Let n be l(0). Suppose n = 3*s - 207 - 189. What is the greatest common factor of s and 12?
12
Suppose 24 = 5*v - v. Let h(t) = 10*t. Let p be h(v). Let n be ((-4)/(-10))/(3/p). What is the highest common divisor of n and 16?
8
Let z = 17 - -13. What is the highest common factor of z and 60?
30
Let x be 4/8 - 503/(-2). Calculate the highest common factor of x and 28.
28
Suppose 5*i - 2*r - 445 + 89 = 0, 4*i + 5*r = 265. Let d be (0 - (2 - 1)) + i. Suppose 3*t - 11 - 58 = 0. Calculate the greatest common divisor of d and t.
23
Let b be ((-36)/(-4))/(6/4). Let v be ((-2)/6)/((-2)/b). Let q be (-1)/((-60)/55 + 1). What is the greatest common divisor of v and q?
1
Let s = 73 + -21. Suppose -23 = -5*l + s. Suppose -d = -4*m + 420, 0*m - d + 105 = m. Calculate the greatest common factor of m and l.
15
Suppose h = -i + 2, -h + i - 1 = 5*i. Suppose 6 = 3*l, -4*y + 0*y - h*l + 78 = 0. Let f = 1 - -1. What is the greatest common factor of f and y?
2
Suppose 39 = 4*l + 9*l. Calculate the greatest common factor of 3 and l.
3
Let h = -33 + 19. Let j be 147/h*(0 + -2). Let c = 33 + -19. What is the greatest common divisor of c and j?
7
Suppose 0 = -3*r - 3*f + 27, 3*r + 0*r = -2*f + 30. Suppose -x - r = -3*d - 4*x, -4*d = 2*x - 26. Calculate the greatest common divisor of d and 18.
9
Let w be 3 + (12/(-4))/(-3). Suppose 4*d + f + 1 - 2 = 0, -w*f - 7 = 5*d. Calculate the highest common factor of d and 2.
1
Let i(n) = n**3 + 5*n**2 + n + 12. Let l be i(-5). Calculate the greatest common factor of l and 7.
7
Let g(h) = 2*h**2 - 4*h - 3. Let d = -11 + 15. Let t be g(d). Calculate the highest common factor of t and 91.
13
Let i(n) = n - 3. Let b be i(7). Suppose 2*u + u - 36 = 0. What is the greatest common divisor of u and b?
4
Let d(b) = 2*b**2 - 4*b + 5. Let j be d(5). Calculate the greatest common factor of j and 5.
5
Let n(f) = f**2 - 14*f - 11. Let i be n(16). Let l(s) = 4*s**2 + 7*s + 6. Let c be l(-4). Calculate the greatest common divisor of i and c.
21
Let k be -2 + 0 - 15/(-3). Suppose k*i - 75 = -o - 2*o, -i + 43 = -5*o. What is the highest common divisor of i and 7?
7
Suppose -19 = -o - 4. Let z be (-26)/(-13) + 1*3. Calculate the greatest common factor of o and z.
5
Suppose -5*g + 173 = 4*w, g = 5*w + 2*g - 211. Let z = 60 - w. Suppose x + i = -3, -5*x - i = -1 - 4. What is the greatest common divisor of z and x?
2
Suppose -2*r = 24 - 72. Let v(p) = 2*p**3 - 3*p**2 + 2*p. Let n be v(2). Let b be 12/(2/(n/6)). What is the highest common factor of r and b?
8
Let f = 14 + -3. What is the greatest common divisor of f and 33?
11
Let d = 70 + -55. Calculate the greatest common factor of 12 and d.
3
Let w(k) = k**2 + 4. Let n be w(-2). Calculate the greatest common factor of n and 1.
1
Let r = -23 - -37. Suppose -80 = -2*x + 3*t, t = -5 + 1. Suppose -x = 4*l - 118. Calculate the highest common factor of r and l.
7
Suppose 3*f = -2*h - 13, 4*h + 21 = -5*f + h. Let g be (6 - 4) + 25 + f. What is the greatest common divisor of 16 and g?
8
Suppose -5*u - 30 + 5 = 0. Let w be (-19 + 4)*21/u. Calculate the greatest common factor of 21 and w.
21
Let d(k) = 4*k**2 + 5*k - 3. Let h(o) = o - 9. Let i be h(4). Let j be d(i). Calculate the highest common divisor of 9 and j.
9
Let v = -43 + 78. What is the greatest common divisor of 14 and v?
7
Let v = 5 + 1. Let y be 34/(-5) - v/30. Let l(o) = o**2 + 6*o - 1. Let g be l(y). Calculate the greatest common divisor of g and 6.
6
Suppose 2*l = r - 12, -6 = 4*r - 5*l - 45. Calculate the highest common divisor of r and 12.
6
Suppose 15 = -12*v + 15*v. Calculate the highest common divisor of v and 5.
5
Let z be (2 + -1)*-2 + 6. Let m be (0/1)/(-1 - -2). Let f = m + z. Calculate the highest common divisor of 32 and f.
4
Let j(f) = -2*f**3 + 22*f**2 + 6*f + 6. Let s be j(11). Calculate the highest common factor of 9 and s.
9
Let y = 7 - 5. Suppose y*r - 57 = -0*r + 3*n, r + 3*n - 6 = 0. What is the highest common factor of r and 14?
7
Let o(q) = -4*q**2 + 6*q**2 - 3*q**2 + 2 + 4*q**2. Let t = -4 - -6. Let d be o(t). What is the greatest common divisor of d and 14?
14
Suppose 12*u = 16*u - 12. Let n = 57 + -30. What is the highest common divisor 